Calculate y(31).
2
Let g(z) = z**3 - 31*z**2 + 10*z + 346. What is g(30)?
-254
Let l(r) = 33*r**3 - 134*r**2 - 25*r + 7. Determine l(4).
-125
Let o(n) = 2*n**2 + 14*n + 63. Determine o(-3).
39
Let n(j) = -3*j**3 + 94*j**2 - 30*j + 9. Determine n(31).
40
Let p(s) = -1332*s - 14658. Determine p(-11).
-6
Let m(n) = -2*n**2 - 271*n - 2850. What is m(-124)?
2
Let d(k) = 14*k**2 + 282*k. Determine d(-20).
-40
Let d(b) = 25*b + 793. Determine d(-31).
18
Let x(j) = j**3 + 18*j**2 + j + 52. Give x(-18).
34
Let a(i) = -3*i**2 - 27*i - 46. Give a(-7).
-4
Let w(v) = -v**3 - 2*v**2 + 15*v + 7. Calculate w(-5).
7
Let t(c) = -337*c + 3. Calculate t(0).
3
Let l(q) = 7*q**3 + 20*q**2 + 18*q + 7. Give l(-3).
-56
Let l(o) = 360*o + 2486. Determine l(-7).
-34
Let k(u) = -u**2 - 34*u - 85. What is k(-33)?
-52
Let f(i) = -61*i + 721. Calculate f(12).
-11
Let o(l) = -8*l**2 - 129*l - 115. Give o(-17).
-234
Let j(w) = w**3 - 77*w**2 + 1299*w + 49. Determine j(52).
-3
Let x(o) = 7*o**3 + 141*o**2 + 31*o + 230. Determine x(-20).
10
Let j(x) = x**3 - 15*x**2 - 1669*x - 146. Determine j(-34).
-44
Let y(a) = 464*a + 1359. What is y(-3)?
-33
Let b(u) = u**3 - 13*u**2 - 137*u - 54. Determine b(20).
6
Let t(j) = -4*j**3 - 134*j**2 + 47*j - 814. Calculate t(-34).
-100
Let u(g) = -g**3 - 40*g**2 + 438*g - 139. Give u(-49).
8
Let l(h) = h**3 + 7*h**2 - 16*h + 11. What is l(-11)?
-297
Let t(c) = -c**2 - 28*c - 210. Determine t(-14).
-14
Let l(h) = -13*h**2 + 539*h - 539. Calculate l(1).
-13
Let q(m) = 25*m - 205. What is q(7)?
-30
Let d(h) = -h**3 - 39*h**2 + h + 5. Calculate d(-39).
-34
Let f(m) = m**3 + 40*m**2 - 263*m + 191. Determine f(-46).
-407
Let d(n) = -9*n**3 - 98*n**2 + 4*n - 39. Give d(-11).
38
Let o(r) = -77*r + 3919. What is o(51)?
-8
Let n(f) = 56*f**3 - 1080*f**2 + 303*f + 17. Calculate n(19).
-2
Let b(k) = -165*k - 5482. Determine b(-33).
-37
Let g(b) = -b**3 - 21*b**2 - 27. Determine g(-21).
-27
Let p(k) = k**2 + 63*k + 687. What is p(-14)?
1
Let w(m) = -47*m**3 + 5*m**2 - m - 2. What is w(1)?
-45
Let t(g) = 2*g**2 + 30*g + 162. Determine t(-9).
54
Let h(d) = 2*d**2 - 2*d - 275. Determine h(0).
-275
Let o(x) = 5*x**2 - 21*x + 6. Determine o(10).
296
Let t(z) = -132*z**2 - z - 12. Calculate t(-2).
-538
Let o(t) = t**3 - 68*t**2 + 902*t - 103. Give o(50).
-3
Let c(d) = -12*d**2 - 300*d - 2. What is c(-25)?
-2
Let b(z) = -z**3 + 40*z**2 - 257*z - 9. Give b(32).
-41
Let c(b) = -b**2 - 38*b - 229. What is c(-7)?
-12
Let u(n) = 41*n**2 - 135*n + 406. Give u(3).
370
Let o(b) = -184*b - 4727. What is o(-25)?
-127
Let o(r) = 8*r - 198. Calculate o(22).
-22
Let l(r) = r**2 + 49*r - 117. Determine l(-47).
-211
Let x(t) = 301*t**2 - 298*t - 1. Determine x(1).
2
Let o(s) = -4536*s - 226799. Calculate o(-50).
1
Let i(m) = 89*m - 2494. Calculate i(28).
-2
Let s(k) = -k**2 + 11*k + 36. Give s(-5).
-44
Let a(u) = -27*u**3 + 351*u**2 - 9*u + 101. Determine a(13).
-16
Let i(z) = 8*z - 281. Give i(34).
-9
Let a(u) = u**3 + 16*u**2 + 24*u + 43. Give a(-14).
99
Let y(i) = 2*i**2 - 2*i + 11. What is y(-6)?
95
Let l(a) = -20*a + 888. Determine l(59).
-292
Let l(u) = -3*u**2 + 729*u - 24361. Give l(40).
-1
Let z(j) = -j**3 + 4*j**2 + 40*j - 6. Calculate z(-5).
19
Let s(i) = 23*i - 56. Determine s(3).
13
Let y(q) = 2*q**3 - 52*q**2 + 88*q + 263. Give y(24).
71
Let q(d) = -1680*d + 6719. What is q(4)?
-1
Let z(y) = 7*y**2 - 58*y - 579. What is z(14)?
-19
Let f(n) = -n**2 + 14*n + 128. What is f(-6)?
8
Let s(k) = -k**2 + 28*k - 170. What is s(8)?
-10
Let c(b) = -14*b**2 - 107*b + 51. Determine c(-8).
11
Let d(r) = 6*r - 21. Determine d(0).
-21
Let a(q) = 3*q**3 - 513*q**2 - 25*q + 4270. What is a(171)?
-5
Let x(v) = 2*v**3 - 77*v**2 + 726*v - 94. What is x(16)?
2
Let a(j) = 26*j**2 - 12*j - 33. What is a(-2)?
95
Let p(g) = -3*g**3 + 10*g**2 - 9*g + 13. Give p(6).
-329
Let u(v) = -18*v + 889. Give u(50).
-11
Let d(p) = -886*p - 52294. What is d(-59)?
-20
Let s(k) = -k**3 + 74*k**2 - 45*k + 3305. What is s(74)?
-25
Let c(m) = 126*m - 313. Give c(2).
-61
Let v(c) = -9*c**2 + 756*c - 1471. Determine v(2).
5
Let k(p) = 7*p**2 - 49*p - 686. Determine k(14).
0
Let l(g) = -17*g + 69. Give l(7).
-50
Let x(u) = u**3 + 42*u**2 - 3*u - 43. Calculate x(-42).
83
Let o(k) = 3*k**3 - 141*k**2 - 5*k + 254. Give o(47).
19
Let r(k) = 62*k + 61. Determine r(2).
185
Let u(c) = -3*c**3 + 12*c**2 + 3*c - 3. Give u(2).
27
Let m(u) = 3*u**3 - 34*u**2 - 13*u - 140. Determine m(12).
-8
Let f(t) = 13*t**2 + 786*t + 316. What is f(-60)?
-44
Let g(h) = -h**2 + 157*h - 5819. Calculate g(97).
1
Let n(b) = 2*b**3 + 51*b**2 - 78*b + 117. Give n(-27).
36
Let q(j) = -9*j**2 + 225*j + 1346. What is q(30)?
-4
Let m(n) = n**3 + 22*n**2 - 510*n - 10796. Give m(-19).
-23
Let q(u) = -3*u**2 - 27*u - 50. Give q(-7).
-8
Let k(f) = -f**2 - 650*f + 17588. Determine k(26).
12
Let g(j) = -j**2 + 166*j - 5555. Give g(119).
38
Let i(v) = 11*v**3 + 122*v**2 + 10*v - 7. Calculate i(-11).
4
Let g(d) = 64*d**2 - 451*d + 2. Calculate g(7).
-19
Let h(o) = -o**3 + 42*o**2 + 78*o - 3. Calculate h(0).
-3
Let t(o) = -o**2 + 1213*o - 16825. Calculate t(14).
-39
Let z(n) = 14*n - 404. What is z(34)?
72
Let i(o) = -426*o**3 + 2*o**2 + 14*o + 12. Determine i(-1).
426
Let k(h) = -2*h**2 - 32*h + 334. What is k(-23)?
12
Let p(n) = -n**3 + 26*n**2 - 47*n + 23. Give p(24).
47
Let m(i) = -15*i - 104. What is m(-6)?
-14
Let a(d) = 9*d**2 + 12. Determine a(5).
237
Let i(o) = -441*o + 5745. Determine i(13).
12
Let c(g) = -g**2 + 62*g - 53. Calculate c(61).
8
Let z(s) = -275*s + 3831. What is z(14)?
-19
Let z(x) = 67*x**2 - 248*x - 30. Calculate z(4).
50
Let z(l) = -43*l**2 + 76*l + 9. Determine z(2).
-11
Let b(m) = -m**3 + 14*m**2 + 5*m + 95. Determine b(15).
-55
Let s(c) = 18*c**2 - 428*c + 28. Determine s(24).
124
Let n(a) = a**3 - 14*a**2 + 21*a + 32. Give n(14).
326
Let i(r) = -2*r**2 + 6*r + 2. Give i(11).
-174
Let w(q) = q**3 + 88*q**2 - 460*q + 483. Calculate w(-93).
18
Let n(d) = -19*d + 966. Give n(50).
16
Let g(i) = -768*i - 12309. What is g(-16)?
-21
Let d(l) = -2*l**2 + 54*l + 390. Give d(33).
-6
Let v(r) = -r**3 - 10*r**2 - 16*r + 17. Calculate v(-9).
80
Let j(g) = 6*g**3 + 59*g**2 - 15*g - 32. Calculate j(-10).
18
Let r(v) = 8*v**2 + 828*v + 422. Calculate r(-103).
10
Let m(u) = 38*u**2 + 99*u + 73. Determine m(-3).
118
Let o(t) = -191*t - 1912. Give o(-10).
-2
Let f(s) = 2*s**2 - 5*s - 90. Determine f(-8).
78
Let k(d) = -d**3 + 8*d**2 + 38*d - 149. What is k(9)?
112
Let i(g) = 24*g + 35. Determine i(-12).
-253
Let p(o) = -14*o**2 + 1046*o + 281. Give p(75).
-19
Let h(s) = -16*s - 1877. Calculate h(-87).
-485
Let m(c) = 81*c + 668. Calculate m(-8).
20
Let n(s) = 234*s + 2816. Calculate n(-12).
8
Let o(x) = -900*x + 1757. Calculate o(2).
-43
Let y(h) = -4*h**2 - 377*h + 292. What is y(-95)?
7
Let g(n) = 9*n**2 + 7*n - 20. What is g(-4)?
96
Let z(g) = 2*g**3 + 20*g**2 + 39*g + 47. Determine z(-7).
68
Let t(a) = 407*a - 1222. Calculate t(3).
-1
Let h(f) = f**3 - 13*f**2 + 51*f - 15. What is h(7)?
48
Let u(g) = -g**3 + g**2 - 2*g + 1. Give u(2).
-7
Let a(v) = 19*v**2 - 186*v - 16. What is a(10)?
24
Let b(d) = -d**3 - 8*d**2 + 17*d + 141. Give b(-7).
-27
Let h(p) = -p**3 + 22*p**2 + 126*p + 244. Calculate h(27).
1
Let c(y) = -8*y**2 - 20*y - 46. Determine c(-2).
-38
Let c(y) = 4*y**3 + 16*y**2 + 7*y - 12. Calculate c(-5).
-147
Let o(d) = -1135*d + 71523. Give o(63).
18
Let u(s) = -s**2 - 22*s + 363. Determine u(-33).
0
Let r(n) = -3*n**2 - 198*n - 1401. What is r(-8)?
-9
Let o(p) = -103*p**3 + 14*p**2 - p + 6. Give o(2).
-764
Let t(j) = -169*j - 12678. What is t(-75)?
-3
Let b(x) = 33*x**2 + 40*x. What is b(-2)?
52
Let x(m) = 2*m**2 + 60*m + 337. Give x(-23).
15
Let u(a) = -101*a - 452. What is u(-9)?
457
Let w(z) = -2*z**2 - 11*z - 25. What is w(-6)?
-31
Let h(q) = 70*q + 782. Give h(-10).
82
Let j(o) = o**2 - 110*o + 1701. Determine j(18).
45
Let a(p) = -2*p**2 + 74*p - 211. Determine a(34).
-7
Let x(k) = 5*k**3 - 131*k**2 + 27*k - 80. What is x(26)?
-54
Let f(a) = -11*a**2 + 48*a + 135. Calculate f(-3).
-108
Let u(w) = -w**2 - 21*w + 1343. Calculate u(-50).
-107
Let y(r) = 5*r**3 - r**2 + 2*r - 6. Determine y(0).
-6
Let j(m) = -220*m + 13. Calculate j(1).
-207
Let u(g) = -g**2 - 83*g + 5493. Determine u(42).
243
Let v(m) = -145*m - 1426. Calc